10
In base 5, what is -2044 - 4?
-2103
In base 10, what is -1468 + 3?
-1465
In base 7, what is 42 + -15?
24
In base 14, what is a - 7b?
-71
In base 13, what is a5 + -2?
a3
In base 5, what is 224 - 10?
214
In base 15, what is 91 + 5?
96
In base 3, what is -22020 + -21?
-22111
In base 10, what is -2 + 29?
27
In base 5, what is 3 - -41?
44
In base 2, what is -101000110 + 1?
-101000101
In base 4, what is -10232 + -11?
-10303
In base 7, what is -2 + 6266?
6264
In base 4, what is 20200 - 2?
20132
In base 2, what is 11 + -11000110110?
-11000110011
In base 12, what is -10 + -12?
-22
In base 3, what is -12102 - -10?
-12022
In base 14, what is -51a - 3?
-51d
In base 2, what is -101 + 1011101?
1011000
In base 11, what is 2 - 83?
-81
In base 5, what is -11 + 44?
33
In base 11, what is -385 - -1?
-384
In base 4, what is -33221 - -2?
-33213
In base 2, what is 1110011010 + 101?
1110011111
In base 5, what is -124 - -1101?
422
In base 13, what is 12a - -1?
12b
In base 3, what is 111100211 + -12?
111100122
In base 12, what is 5 - 51a?
-515
In base 4, what is 20 - 10132?
-10112
In base 4, what is -2 - -12002?
12000
In base 6, what is -305 + -5?
-314
In base 14, what is -d - -136?
127
In base 4, what is 133120 - 3?
133111
In base 5, what is 3 - -1034?
1042
In base 7, what is -1 - -166?
165
In base 8, what is 13 - 6?
5
In base 15, what is -64 - d?
-72
In base 11, what is -22 - -20?
-2
In base 3, what is 1121112 + -11?
1121101
In base 9, what is 4 - 277?
-273
In base 9, what is -4 + -27?
-32
In base 9, what is -130 + 54?
-65
In base 13, what is 31 + -18?
16
In base 3, what is 1000202211 - -10?
1000202221
In base 9, what is 2 - -162?
164
In base 6, what is 144 - 2?
142
In base 13, what is 2 + -162?
-160
In base 11, what is -3 - -a0?
98
In base 13, what is 251 - 3?
24b
In base 11, what is 123 - 0?
123
In base 6, what is -11422 + 5?
-11413
In base 14, what is 5433 - -3?
5436
In base 5, what is 1344 + 22?
1421
In base 6, what is -12 + -20?
-32
In base 4, what is -1123122 + 3?
-1123113
In base 8, what is 1012 - -47?
1061
In base 5, what is -10 - -141432?
141422
In base 4, what is 11111 - -10?
11121
In base 8, what is 73176 + -3?
73173
In base 15, what is -2229 + -5?
-222e
In base 15, what is 9 + 11d?
127
In base 7, what is 130 + 1?
131
In base 5, what is 2 + 13121?
13123
In base 9, what is -5 + 12635?
12630
In base 4, what is -2 - 23232?
-23300
In base 4, what is -2 + 1212?
1210
In base 13, what is 1bc + 0?
1bc
In base 15, what is -57e - 3?
-582
In base 16, what is 2 + -629?
-627
In base 10, what is 326 - 21?
305
In base 6, what is -44 - 23?
-111
In base 10, what is -135 + -60?
-195
In base 9, what is -1 - -6?
5
In base 9, what is 24 - 0?
24
In base 12, what is -4 + -b0?
-b4
In base 15, what is -406 + 5?
-401
In base 16, what is 1 + 71?
72
In base 5, what is -110 - 211?
-321
In base 4, what is 2 + -1000?
-332
In base 5, what is -1240 + -4?
-1244
In base 15, what is 566 - 2?
564
In base 4, what is 11 - 231022?
-231011
In base 10, what is 2 - 547?
-545
In base 15, what is -732 + -4?
-736
In base 9, what is -4 + 1137?
1133
In base 7, what is -446 + 0?
-446
In base 6, what is -4 - -302?
254
In base 7, what is 130 - -1?
131
In base 16, what is 782 + 2?
784
In base 6, what is 42 + -10?
32
In base 15, what is 6 - 2?
4
In base 11, what is 5 + 78?
82
In base 2, what is -10100011 - 101?
-10101000
In base 10, what is 1963 + 11?
1974
In base 6, what is 11 - -3?
14
In base 13, what is 13 + 1c?
32
In base 9, what is 8 + -440?
-431
In base 9, what is 7 + -15?
-7
In base 15, what is 282 - 1?
281
In base 13, what is 77 + 2c?
a6
In base 4, what is -2 - -13113?
13111
In base 16, what is 5 - 17c?
-177
In base 14, what is 131 + -2?
12d
In base 7, what is 1 - -2551?
2552
In base 11, what is 106 + 4?
10a
In base 12, what is -2 - 21?
-23
In base 7, what is -3 - 32?
-35
In base 14, what is a3 + 1a?
bd
In base 8, what is -43 + -11?
-54
In base 8, what is 11 - -15?
26
In base 10, what is 2009 - 0?
2009
In base 6, what is 0 - 210?
-210
In base 10, what is -202 - -11?
-191
In base 12, what is 14 + 400?
414
In base 5, what is 100100 - 10?
100040
In base 3, what is 10202 - 2?
10200
In base 9, what is 1012 - -6?
1018
In base 4, what is -120 + 1?
-113
In base 7, what is 4 - 3?
1
In base 16, what is -3 + -5b3?
-5b6
In base 8, what is 173 - -4?
177
In base 12, what is 6 - -163?
169
In base 7, what is 4 + 314?
321
In base 14, what is 192a - 3?
1927
In base 14, what is 7 + c2?
c9
In base 14, what is -36b2 - -3?
-36ad
In base 2, what is 1 - 11110?
-11101
In base 12, what is 4 + 2a?
32
In base 11, what is 0 + 38?
38
In base 8, what is -547 + 3?
-544
In base 11, what is 156 - 6?
150
In base 15, what is 3 - -36?
39
In base 6, what is -3 + -131?
-134
In base 9, what is -15 + -31?
-46
In base 14, what is -25 - 6?
-2b
In base 14, what is 1 - 3b?
-3a
In base 6, what is 51 - 1?
50
In base 10, what is 1 + -76?
-75
In base 12, what is -1 + -267?
-268
In base 14, what is 28 + -2a?
-2
In base 3, what is 100022 - 10?
100012
In base 4, what is -32001 - 3?
-32010
In base 16, what is -61 + -5?
-66
In base 5, what is -34 - 23?
-112
In base 10, what is 2 - 48?
-46
In base 9, what is -5 + 8?
3
In base 14, what is 24 + d?
33
In base 13, what is 46 - 0?
46
In base 4, what is 312 - -1?
313
In base 5, what is 1101 - 2?
1044
In base 13, what is -1 - -20a?
209
In base 6, what is -4 + -50?
-54
In base 9, what is -40 + 35?
-4
In base 6, what is 2410 - 4?
2402
In base 11, what is -30 - -7?
-24
In base 8, what is 107 - -36?
145
In base 9, what is -1 - -387?
386
In base 6, what is -142 + 32?
-110
In base 10, what is -2 + 71?
69
In base 10, what is 14 + 49?
63
In base 9, what is -2 - 51?
-53
In base 4, what is -3 - 2111?
-2120
In base 9, what is -1183 + -3?
-1186
In base 14, what is -30 + -37?
-67
In base 3, what is 1221 - 210?
1011
In base 7, what is 115 - -2?
120
In base 16, what is -66 - 11?
-77
In base 10, what is 361 + -1?
360
In base 3, what is -100100 + -2?
-100102
In base 9, what is -50 + -1086?
-1146
In base 4, what is 1220300 + -10?
1220230
In base 10, what is 1 - -435?
436
In base 16, what is -41a - 5?
-41f
In base 10, what is -4 + 1144?
1140
In base 14, what is -7 - 14a?
-153
In base 6, what is 2 + 144?
150
In base 10, what is 252 - 4?
248
In base 5, what is 31332 + -3?
31324
In base 11, what is 0 - 109?
-109
In base 2, what is -1100110000 + 11?
-1100101101
In base 2, what is 0 + 11000001?
11000001
In base 16, what is 2 - 73?
-71
In base 15, what is 2 - -1a76?
1a78
In base 8, what is -162 - -4?
-156
In base 12, what is 2 - 70?
-6a
In base 15, what is -2 - 29?
-2b
In base 16, what is 1297 - -2?
1299
In base 16, what is 2 + -f?
-d
In base 3, what is 2 + -10121?
-10112
In base 6, what is -12020 + -4?
-12024
In base 8, what is -4 - 2002?
-2006
In base 5, what is 12032 + 0?
12032
In base 8, what is 544 + 3?
547
In base 11, what is -4 - 2191?
-2195
In base 7, what is 0 - 601?
-601
In base 4, what is 1 + -2202?
-2201
In base 13, what is 5 + 2ab?
2b3
In base 2, what is 11110001 + 10?
11110011
In base 4, what is 111 - -11011?
11122
In base 6, what is -1100 + -4?
-1104
In base 14, what is -30a + 13?
-2d7
In base 15, what is -1 + 1d4e?
1d4d
In base 13, what is -2 - -155?
153
In base 12, what is -18 - -40?
24
In base 16, what is 5 + -1b?
-16
In base 13, what is 6 - -50?
56
In base 6, what is 40 - -12?
52
In base 3, what is -20110 - 0?
-20110
In base 5, what is -1012 - -4?
-1003
In base 4, what is 11022 + -12?
11010
In base 9, what is 12 + -110?
-87
In base 14, what is 1 + 93a?
93b
In base 14, what is -364 + -4?
-368
In base 2, what is -10011100011101 - -10?
-10011100011011
In base 9, what is -26 + 111?
74
In base 4, what is -2002 - -10?
-1332
In base 12, what is 410 + 3?
413
In base 7, what is 14 + 4345?
4362
In base 4, what is -122 + -11?
-133
In base 7, what is -110 - -21?
-56
In base 13, what is -1682 + 0?
-1682
In base 7, what is 10 - -41?
51
In base 9, what is 20045 + -4?
20041
In base 9, what is -385 + -1?
-386
In base 16, what is -30 - 9?
-39
In base 14, what is 3 - 16b2?
-16ad
In base 2, what is 10100011 - 100?
10011111
In base 8, what is 16 + 0?
16
In base 7, what is -22 - 20?
-42
In base 11, what is -36 - -7?
-2a
In base 6, what is -3101 - 2?
-3103
In base 7, what is 3 + 146?
152
In base 6, what is 453 + -35?
414
In base 1